z*p - 86 = 4*p + 3*d. List the prime factors of p/(-15) - (-10)/15.
2
Suppose -v = -2*d - 1464, -5 = -15*d + 14*d. List the prime factors of v.
2, 11, 67
Suppose -y - 4*d = 3*y + 1860, 0 = -5*y + d - 2331. Let o = 750 + y. List the prime factors of o.
2, 71
Suppose -2*q - 2712 = -2*n - 0*n, 0 = -2*n - 2*q + 2712. What are the prime factors of n?
2, 3, 113
Let x = 18 + -10. Suppose -2*z + 0*z = -x. Suppose -z*l = -2*l - 66. What are the prime factors of l?
3, 11
Let o = 16 - 304. Let h = 415 + o. List the prime factors of h.
127
Let v = -281 + 448. What are the prime factors of v?
167
What are the prime factors of (27 + 231)*(-6)/(-9)?
2, 43
Let t(o) = 5*o**2 - 2*o - 4. Let h be t(-2). List the prime factors of (-28)/h*2*-30.
2, 3, 7
Suppose -2*d - 21 = -5*d. Suppose -d*w + 22 = -6*w. What are the prime factors of w?
2, 11
Let a(c) = -11*c**2 - 3*c + 2. Let h(j) = 0*j**2 - 12*j**2 + 29 - 26 - 4*j. Let r(b) = -5*a(b) + 4*h(b). List the prime factors of r(-3).
2, 17
Suppose 2*f - 3*k + 53 - 481 = 0, 0 = 3*f + 2*k - 655. List the prime factors of f.
7, 31
Let f = -59 + 732. List the prime factors of f.
673
Suppose 9716 + 9821 = 7*x. What are the prime factors of x?
2791
Let y(g) = 11*g**2 - 21*g - 3. What are the prime factors of y(17)?
2819
What are the prime factors of 1626/4 + -7 + (-156)/(-24)?
2, 7, 29
Suppose -8 = m + 4*u, 2*m + 0*u - 4*u - 8 = 0. Let l = m - -6. Let h(g) = 8*g - 15. What are the prime factors of h(l)?
3, 11
Let k = -86 + 164. Suppose 2*q - k = -0*q. List the prime factors of q.
3, 13
Suppose -3*h = 2*h + 10. Let i(z) = 47*z**2 + 3*z + 4. What are the prime factors of i(h)?
2, 3, 31
Let a = 720 - 457. List the prime factors of a.
263
Suppose -1731 = -2*k + v, 868 = k - 9*v + 6*v. What are the prime factors of k?
5, 173
Let h = 89 + -83. What are the prime factors of 52/(-39) - (-332)/h?
2, 3
Let b be 1565/35 - (-2)/7. Suppose 0 = -i + 2*i - b. List the prime factors of i.
3, 5
Suppose 2*r + 1777 = 7495. What are the prime factors of r?
3, 953
List the prime factors of 9/((-72)/(-7648)) - -5.
31
Suppose -3*n = 2*n. Suppose 2*h + 2*h = n. Suppose 2*o + o - 57 = h. List the prime factors of o.
19
What are the prime factors of (-1358 - -61)/(0 - 1)?
1297
Let c(s) = -1774*s + 49. List the prime factors of c(-2).
3, 11, 109
Let k be (-458)/(-5) - 4/(-10). Suppose v + k = 4*a - a, a - v = 30. Suppose 3*b = 4*n - 2*b - 35, 3*n + b = a. List the prime factors of n.
2, 5
Let x = -18 - -19. Let v be 41/(-2) - x/(-2). What are the prime factors of (-4)/(-16) + (-315)/v?
2
Let h be (-2)/(-11) + (-291)/(-33) + -4. Let d(l) = -7*l. Let j be d(4). List the prime factors of 8/j*h*-7.
2, 5
Let q = -4 + -6. Let u(v) = -164*v. Let y be u(1). What are the prime factors of (-6)/15 + y/q?
2
What are the prime factors of (8 - (-2878 + 12)) + -6?
2, 3, 239
Suppose 510 = -3*n + 4*k + 11467, 7312 = 2*n + k. List the prime factors of n.
5, 17, 43
Let s(g) = g**3 - 26*g**2 + 24*g + 18. Let k(x) = x**3 - 25*x**2 + 25*x + 19. Let z(v) = 3*k(v) - 2*s(v). What are the prime factors of z(22)?
131
Let v(k) = 3*k**2 - 11 - 30*k**2 + 15*k + 3*k**2 + 10*k**2 + k**3. Let n = -33 + 46. What are the prime factors of v(n)?
3, 5
Let n(q) = 10*q + 10. Let c be n(7). Let u = 6 + c. Let d = -59 + u. What are the prime factors of d?
3
Suppose 3*u - 1679 = 5*n, -u + 4*n + 543 = -n. List the prime factors of u.
2, 71
Let z(c) = -6*c + 22. Let v be z(2). Suppose -v*q + 5*q + 100 = 0. List the prime factors of q.
2, 5
List the prime factors of 6/36*-2 + 4750/3.
1583
What are the prime factors of ((-8)/(-3) - 2/(-6)) + 1005?
2, 3, 7
Let c(d) = -d**2 + 3. Let n be c(3). Let h = n - -10. Suppose 5*x - 158 = -5*v + v, -h*v = -4*x + 148. List the prime factors of x.
2, 17
Let i = -61 + 63. Suppose 5*l = i*l + 312. List the prime factors of l.
2, 13
Let r be -2*1/4*0. Suppose 0 = -r*z - 5*z + 4*l + 21, -3*l - 12 = -3*z. Suppose -7*k + 142 = -z*k. What are the prime factors of k?
71
List the prime factors of 12*((-1082)/(-28))/(18/63).
3, 541
Let y(w) = 227*w**2 - 8*w - 12. What are the prime factors of y(-2)?
2, 3, 19
Suppose 4*s - 182 = 38. What are the prime factors of s?
5, 11
Suppose -29*a + 760 = -27*a. List the prime factors of a.
2, 5, 19
Let n = -135 + 738. List the prime factors of n.
3, 67
Suppose -26 = -5*y + 59. Let c(f) = f**2 - 11*f + 30. What are the prime factors of c(y)?
2, 3, 11
Let c(q) = 3*q**3 + 1. Let g be c(-1). Let k be g/7 - (-360)/(-63). Let w(i) = -i**3 - 7*i**2 - 6*i + 8. List the prime factors of w(k).
2
Suppose -2*r - 35 = -7*r. Let q be ((-40)/(-12) + -4)/((-6)/117). Let v = q + r. What are the prime factors of v?
2, 5
Let t(x) = -203*x + 2. Let r be t(-1). Suppose -r + 34 = -3*w. List the prime factors of w.
3, 19
Suppose 221 = 4*g + 5*q, -7*q + 2*q = -4*g + 211. What are the prime factors of g?
2, 3
Let b(n) = n**3 + 9*n**2 + 11*n + 29. Let l be b(-9). What are the prime factors of (-1 - 1)*7/(l/305)?
61
Let t = 224 - 184. What are the prime factors of t?
2, 5
Suppose 2 = -4*n + 14, j = 3*n + 1239. What are the prime factors of j?
2, 3, 13
Let q(l) = -5*l + 1. Let b be q(1). Let o(z) be the first derivative of z**3/3 - 3*z**2/2 - 6*z - 87. What are the prime factors of o(b)?
2, 11
Let p(k) = k**3 - 3*k**2 - 6*k + 6. Let a be p(4). Let s(c) = -c**2 - 12*c + 2. Let d be s(-12). What are the prime factors of (-2)/d*38/a?
19
Let o be ((-24)/16)/((-3)/8). Let k(f) = -f**3 + 4*f**2 - f + 4. Let a be k(o). Suppose a*w + 61 = h - 3*w, -3*w + 37 = h. List the prime factors of h.
7
Suppose 352 = 5*c - 3. Suppose -5*j = -c - 39. Suppose 18*p + 48 = j*p. What are the prime factors of p?
2, 3
Suppose -3*x = -4*a + 1343, 134 + 207 = a + x. Suppose -50 = 6*w - a. List the prime factors of w.
2, 3
Let c(l) = -l**3 + 16*l**2 - 9*l + 16. Let u be c(14). Let w = u - 181. What are the prime factors of w?
101
Let x(r) = -3*r**3 - 6*r**2 + 7*r + 17. List the prime factors of x(-5).
3, 23
Let o(r) = 120*r**2 - 7*r + 8. List the prime factors of o(2).
2, 3, 79
Let r = 20 - 18. List the prime factors of (455/14)/(r/4).
5, 13
Let r = -73 + 23. Let c = -206 + 129. Let o = r - c. What are the prime factors of o?
3
Let x = 2043 + 564. What are the prime factors of x?
3, 11, 79
Let c = -31 - -37. Suppose c = 4*p + 3*t - 17, 0 = -3*p - 4*t + 19. Suppose -n = p*y - 168, -14 = 5*n - 4. List the prime factors of y.
2, 17
Let x(j) = -6*j + 20. Let i(p) = -4*p + 13. Let m(k) = -8*i(k) + 5*x(k). Let z be m(14). Suppose v = -0*v + z. What are the prime factors of v?
2, 3
Let p(m) be the second derivative of -m**5/20 + 2*m**4/3 - 4*m**3/3 - 3*m**2/2 + 2*m. Suppose 7 = -z - 3*f, 2*f + 13 = 5. What are the prime factors of p(z)?
2
Let h(w) = 3*w**2 + 16*w + 102. List the prime factors of h(-16).
2, 307
Let a = -21 - -29. Suppose 0 = g + 2, -5*v + 3*v = -g - a. Suppose -v*h + 22 = -32. What are the prime factors of h?
2, 3
Let b = 198 + 23. Suppose b*h = 219*h + 574. What are the prime factors of h?
7, 41
Let w be (0 - (1 - 3)) + 1. Suppose -3*h - w = -18. List the prime factors of h.
5
Let p = 1568 + -539. What are the prime factors of p?
3, 7
Suppose 0 = -13*l + 12*l + 1277. What are the prime factors of l?
1277
Let m = 274 - -120. What are the prime factors of m?
2, 197
Let q = 10 + -7. Suppose -9 = -q*n + 84. List the prime factors of n.
31
Let i(f) = 23*f**2 - 29*f + 27. Let t(z) = -8*z**2 + 10*z - 9. Let j(g) = 6*i(g) + 17*t(g). Let c = -7 - -11. What are the prime factors of j(c)?
5
List the prime factors of 24691/6 - 65/390.
5, 823
Suppose -8 = -5*q + 9*q. Let s(c) = -65*c + 1. What are the prime factors of s(q)?
131
Let v(b) = b**3 + 27*b**2 - 6*b + 44. List the prime factors of v(-12).
2, 569
Let j(v) = -21*v**3 + 3*v**2 - 3. Let w be ((-8)/10)/((-38)/(-95)). List the prime factors of j(w).
3, 59
Suppose -4 = 4*q - 8*q - 2*b, 2*b = q - 11. Suppose y - q*y + 4 = 0. Suppose 0*r = -y*r + 26. What are the prime factors of r?
13
Suppose -8*d - 2*q - 11670 = -10*d, 2*d - q = 11672. List the prime factors of d.
13, 449
Let z = 380 - -20. Let s be 40/(-16)*-1*8/(-10). List the prime factors of z/30*(-3)/s.
2, 5
Let u(i) = -3*i + 2 + 3*i**2 - 3*i**2 + 0*i**2 + i**3. Let f be u(2). What are the prime factors of -3 + (-1 - (-36 - f))?
2, 3
Suppose -g = -6*g. Let h = 6 + g. Suppose 2*i 